{"id":59,"date":"2021-08-01T16:47:04","date_gmt":"2021-08-01T16:47:04","guid":{"rendered":"https:\/\/www.fidea.sk\/?page_id=59"},"modified":"2021-08-01T16:47:04","modified_gmt":"2021-08-01T16:47:04","slug":"iv-pilier-kreativita","status":"publish","type":"page","link":"https:\/\/www.fidea.sk\/index.php\/o-nas\/iv-pilier-kreativita\/","title":{"rendered":"IV. pilier:  KREATIVITA"},"content":{"rendered":"\n<p>Po\u010das&nbsp; cel\u00e9ho roka sa sna\u017e\u00edme prij\u00edmate\u013eov zap\u00e1ja\u0165 do rozvoja pracovn\u00fdch zru\u010dnost\u00ed. Jednou z nich je aj viacro\u010dn\u00e1 zauj\u00edmav\u00e1 akcia, pri ktorej sa mohli podie\u013ea\u0165 na lepen\u00ed svie\u010dok za nenaroden\u00e9 deti pre organiz\u00e1ciu Za \u017eivot.&nbsp;<\/p>\n\n\n\n<div class=\"wp-block-image is-style-rounded\"><figure class=\"alignright size-medium\"><img loading=\"lazy\" width=\"300\" height=\"108\" src=\"https:\/\/www.fidea.sk\/wp-content\/uploads\/2021\/08\/kreativita--300x108.jpg\" alt=\"\" class=\"wp-image-60\" srcset=\"https:\/\/www.fidea.sk\/wp-content\/uploads\/2021\/08\/kreativita--300x108.jpg 300w, https:\/\/www.fidea.sk\/wp-content\/uploads\/2021\/08\/kreativita--1024x370.jpg 1024w, https:\/\/www.fidea.sk\/wp-content\/uploads\/2021\/08\/kreativita--768x278.jpg 768w, https:\/\/www.fidea.sk\/wp-content\/uploads\/2021\/08\/kreativita--1536x555.jpg 1536w, https:\/\/www.fidea.sk\/wp-content\/uploads\/2021\/08\/kreativita--2048x740.jpg 2048w, https:\/\/www.fidea.sk\/wp-content\/uploads\/2021\/08\/kreativita--166x60.jpg 166w\" sizes=\"(max-width: 300px) 100vw, 300px\" \/><\/figure><\/div>\n\n\n\n<p>Okrem toho ve\u013ea \u010dasu po\u010das roka str\u00e1vime aj pri spolo\u010dnej tvorivej \u010dinnosti, napr. pri v\u00fdrobe ve\u013ekono\u010dn\u00fdch i&nbsp;viano\u010dn\u00fdch ozd\u00f4b a aran\u017em\u00e1nov,&nbsp; pr\u00edprave viano\u010dn\u00e9ho pe\u010diva, v\u00fdrobe jarn\u00fdch pozdravov, \u010fakovn\u00fdch srdie\u010dok, anjelov a&nbsp;kvet\u00edn zo stuhy, \u0161it\u00ed srdie\u010dok, v\u00fdrobe fotor\u00e1mikov a&nbsp;mnoh\u00fdch in\u00fdch dekorat\u00edvnych vec\u00ed&#8230;<\/p>\n\n\n\n<p>Sez\u00f3nne m\u00e1me k&nbsp;dispoz\u00edcii aj tk\u00e1\u010dsky stav, na ktorom zhotovujeme farebn\u00e9 koberce. Za\u010dali sme sa \u010falej vzdel\u00e1va\u0165 a&nbsp;napredova\u0165 v kreat\u00edvnych technik\u00e1ch: decoupage, enkaustika, &nbsp;patchwork, kanzashi, mramorovanie, pletenie z&nbsp;papiera&#8230;&nbsp;<\/p>\n","protected":false},"excerpt":{"rendered":"<p>Po\u010das&nbsp; cel\u00e9ho roka sa sna\u017e\u00edme prij\u00edmate\u013eov zap\u00e1ja\u0165 do rozvoja pracovn\u00fdch zru\u010dnost\u00ed. Jednou z nich je aj viacro\u010dn\u00e1 zauj\u00edmav\u00e1 akcia, pri ktorej sa mohli podie\u013ea\u0165 na lepen\u00ed svie\u010dok za nenaroden\u00e9 deti pre organiz\u00e1ciu Za \u017eivot.&nbsp; Okrem toho ve\u013ea \u010dasu po\u010das roka str\u00e1vime aj pri spolo\u010dnej tvorivej &hellip; <\/p>\n","protected":false},"author":1,"featured_media":0,"parent":5,"menu_order":4,"comment_status":"closed","ping_status":"closed","template":"","meta":[],"_links":{"self":[{"href":"https:\/\/www.fidea.sk\/index.php\/wp-json\/wp\/v2\/pages\/59"}],"collection":[{"href":"https:\/\/www.fidea.sk\/index.php\/wp-json\/wp\/v2\/pages"}],"about":[{"href":"https:\/\/www.fidea.sk\/index.php\/wp-json\/wp\/v2\/types\/page"}],"author":[{"embeddable":true,"href":"https:\/\/www.fidea.sk\/index.php\/wp-json\/wp\/v2\/users\/1"}],"replies":[{"embeddable":true,"href":"https:\/\/www.fidea.sk\/index.php\/wp-json\/wp\/v2\/comments?post=59"}],"version-history":[{"count":1,"href":"https:\/\/www.fidea.sk\/index.php\/wp-json\/wp\/v2\/pages\/59\/revisions"}],"predecessor-version":[{"id":61,"href":"https:\/\/www.fidea.sk\/index.php\/wp-json\/wp\/v2\/pages\/59\/revisions\/61"}],"up":[{"embeddable":true,"href":"https:\/\/www.fidea.sk\/index.php\/wp-json\/wp\/v2\/pages\/5"}],"wp:attachment":[{"href":"https:\/\/www.fidea.sk\/index.php\/wp-json\/wp\/v2\/media?parent=59"}],"curies":[{"name":"wp","href":"https:\/\/api.w.org\/{rel}","templated":true}]}}